435*v - 36041. Calculate n(15).
34
Let k(z) = -5*z**3 + 82*z**2 - 85*z - 56. What is k(15)?
244
Let l(f) = 7*f**3 - 1287*f**2 - 1691*f - 400. Give l(-1).
-3
Let y(r) = -1855*r + 73471. Calculate y(39).
1126
Let o(i) = -i**3 + 20*i**2 - 101*i - 113. What is o(13)?
-243
Let c(h) = h**3 + 43*h**2 - 223*h - 9619. Calculate c(-43).
-30
Let p(s) = s**3 + 111*s**2 + 1365*s - 5566. Calculate p(-18).
-4
Let d(x) = 7377*x - 73798. Give d(10).
-28
Let o(f) = f**3 - 25*f**2 + 1428*f - 37867. Determine o(26).
-63
Let u(i) = 28*i**2 + 1934*i - 1935. What is u(1)?
27
Let h(d) = -d**3 - 107*d**2 - 1530*d + 10. What is h(-17)?
10
Let m(d) = 7*d**2 - 84*d + 22. Determine m(7).
-223
Let b(x) = -13238*x - 132726. Give b(-10).
-346
Let n(a) = -218*a - 8827. What is n(-43)?
547
Let o(x) = -18051*x + 342965. What is o(19)?
-4
Let w(z) = -2*z**3 - 225*z**2 - 1104*z - 203. Calculate w(-5).
-58
Let v(s) = 27*s**2 - 117*s - 41. Calculate v(-4).
859
Let d(k) = 6*k**3 - 29*k**2 - 17930*k + 89619. What is d(5)?
-6
Let v(s) = 2*s**2 - 3654*s + 68542. Determine v(19).
-162
Let r(v) = 43094*v + 947981. Determine r(-22).
-87
Let z(v) = 1629*v**2 - 706980*v - 2609. What is z(434)?
-5
Let v(f) = -2*f**3 - 24*f**2 - 27*f - 49. Determine v(-2).
-75
Let p(g) = -1620*g + 60029. Give p(37).
89
Let f(a) = -a**3 + 91*a**2 - 955*a + 26. Give f(79).
-527
Let u(s) = s**2 - 31*s - 1964. What is u(-37)?
552
Let p(c) = -33*c**3 - 139*c**2 + 28*c + 137. What is p(-4)?
-87
Let r(a) = -23*a**2 - 10139*a + 30628. Determine r(3).
4
Let s(r) = -r**3 - 36*r**2 + 409*r + 5. Give s(10).
-505
Let w(v) = -3315*v + 152450. Determine w(46).
-40
Let d(q) = -4*q**2 + 57*q - 819. Determine d(13).
-754
Let f(k) = -3*k**2 - 133*k - 37. Calculate f(-44).
7
Let l(k) = -48915*k + 733716. Calculate l(15).
-9
Let u(r) = -2*r**3 - 125*r**2 + 1683*r + 117. Calculate u(-74).
1523
Let i(b) = 46*b**2 - 666*b - 21. Determine i(19).
3931
Let q(p) = -p**3 + 6*p - 98. Give q(0).
-98
Let d(o) = -o**2 + 95*o + 1083. Calculate d(102).
369
Let u(j) = -4*j**2 + 13723*j - 82088. Give u(6).
106
Let i(y) = 19*y**2 + 324*y + 554. Determine i(-2).
-18
Let h(t) = -252*t**2 + 335*t + 675. What is h(-2)?
-1003
Let j(v) = -4*v**3 + 144*v**2 - 975*v - 1. What is j(9)?
-28
Let c(n) = 14*n**3 - 55*n**2 + 825*n - 3312. Determine c(4).
4
Let u(o) = 2*o**3 - 52*o**2 + 125*o + 23. What is u(24)?
719
Let t(a) = -2*a**2 - 119*a - 3680. Calculate t(-30).
-1910
Let o(a) = a**3 + 184*a**2 + 270*a - 192. Calculate o(-2).
-4
Let v(b) = -b**3 + 29*b**2 - 75*b - 212. Give v(26).
-134
Let l(k) = -61*k**2 - 875*k - 326. What is l(-14)?
-32
Let t(s) = -3622*s - 1379987. What is t(-381)?
-5
Let j(w) = w**3 - 7540*w**2 + 714629*w - 473. Calculate j(96).
7
Let u(b) = 55*b**2 + 54640*b - 440643. What is u(8)?
-3
Let q(i) = 32*i**3 - 6*i**2 - 35*i + 102. Calculate q(3).
807
Let o(j) = -20818*j - 19464814. Determine o(-935).
16
Let w(k) = -k**3 - 16*k**2 - 171*k - 1928. What is w(-13)?
-212
Let r(p) = -6430*p - 8533. Calculate r(-2).
4327
Let a(u) = 20*u**2 + 4009*u + 13428. What is a(-197)?
-165
Let c(z) = 5*z**3 + 74*z**2 + 49*z + 82. What is c(-14)?
180
Let f(w) = -w**2 + 7896*w + 94873. Calculate f(-12).
-23
Let h(i) = -141*i**3 + 2*i**2 + 854*i + 852. Give h(-1).
141
Let w(s) = -2936*s + 32610. What is w(11)?
314
Let o(f) = f**3 + 130*f**2 + 264*f + 258. Calculate o(-128).
-766
Let i(b) = 980*b - 538980. What is i(550)?
20
Let g(r) = r**2 - 23*r - 495. What is g(34)?
-121
Let h(q) = 150*q**3 - 146*q**2 - 236*q + 239. Determine h(1).
7
Let j(d) = -4*d**3 - 110*d**2 + 172*d - 52. Give j(-29).
6
Let v(r) = -3*r**3 - 416*r**2 + 141*r + 621. Calculate v(-139).
343
Let n(a) = -2*a**2 - 183*a - 2660. Determine n(-74).
-70
Let b(i) = 2054*i - 4405. Give b(3).
1757
Let j(f) = -221*f + 1119. What is j(0)?
1119
Let n(t) = -716*t - 16838. Calculate n(-23).
-370
Let l(h) = -4720*h + 4337674. Determine l(919).
-6
Let h(q) = 431*q + 144816. Calculate h(-336).
0
Let v(o) = o**3 + 797*o**2 - 36995*o + 7604. Calculate v(-841).
35
Let f(l) = 21*l**2 - 3275*l + 16376. Determine f(5).
526
Let s(v) = -19*v**3 + 3*v**2 + 504*v + 16. Determine s(0).
16
Let a(c) = -4*c**3 - 201*c**2 - 1960*c + 9194. Give a(-20).
-6
Let t(b) = b**3 + 15*b**2 - 2*b - 530. Determine t(-14).
-306
Let j(z) = -1839*z + 102860. Determine j(56).
-124
Let z(l) = -9*l**3 - 11*l**2 - 2077*l - 2077. Calculate z(-1).
-2
Let t(n) = n**2 - 9089*n - 145545. What is t(-16)?
135
Let x(h) = 3635*h + 2428201. Calculate x(-668).
21
Let l(j) = 16*j**2 + 22800*j - 137379. What is l(6)?
-3
Let b(j) = -j**3 - 33*j**2 - 46*j + 335. Give b(-30).
-985
Let c(y) = -3425*y + 126838. Calculate c(37).
113
Let r(h) = 3246*h - 208070. What is r(64)?
-326
Let m(f) = 74*f**2 - 17*f - 28. What is m(4)?
1088
Let f(z) = 6*z**3 - 2632*z**2 - 882*z + 1759. Determine f(439).
3
Let r(o) = 199*o**2 - 34419*o - 1389. Determine r(173).
-5
Let w(d) = -959*d + 319447. What is w(333)?
100
Let f(v) = -4*v**3 - 3*v**2 + 519*v + 521. Determine f(-1).
3
Let s(d) = -6084*d - 14229. What is s(-2)?
-2061
Let i(j) = -466*j + 5538. Determine i(12).
-54
Let l(f) = -22419*f + 2062537. Determine l(92).
-11
Let f(m) = 4*m**2 + 121765*m - 1827368. Determine f(15).
7
Let v(s) = 956*s**2 - 513372*s + 51. Give v(537).
51
Let x(a) = -a**3 + 144*a**2 - 2674*a - 1217. Determine x(122).
3
Let u(b) = -10*b**2 - 13381*b - 13382. Calculate u(-1).
-11
Let d(c) = 227*c + 15205. Calculate d(-67).
-4
Let b(n) = 49*n**2 - 1150*n - 7876. What is b(-7)?
2575
Let z(t) = -29*t**2 + 5076*t - 122. Determine z(175).
53
Let u(v) = 3982*v - 33917. Calculate u(9).
1921
Let r(o) = -o**3 - 15*o**2 - 51*o - 40. Give r(-6).
-58
Let p(k) = -k**3 - 7*k**2 + 218*k + 1120. Determine p(-5).
-20
Let c(k) = -1680*k + 4379. Calculate c(2).
1019
Let k(u) = -u**3 - 202*u**2 - 501*u - 185420. Calculate k(-204).
16
Let a(i) = 2*i**3 - 20*i**2 - 4069*i + 44612. Give a(11).
95
Let t(f) = -10*f**2 - 1039*f - 2918. Determine t(-101).
11
Let z(w) = -w**3 + 33*w**2 - 199*w - 135. Give z(25).
-110
Let b(g) = g**3 + 24*g**2 + 20813*g + 542479. Determine b(-26).
-11
Let m(g) = -g**3 + 200*g**2 + 452*g - 50438. Determine m(201).
13
Let u(m) = -5*m**3 + 6*m**2 - 67*m + 235. Give u(4).
-257
Let x(z) = 170*z - 15331. Determine x(76).
-2411
Let m(a) = -5039*a + 302497. What is m(60)?
157
Let q(t) = 40*t**2 - 1418*t - 3. Calculate q(36).
789
Let v(x) = 3*x**2 + 11762*x - 164899. Calculate v(14).
357
Let r(w) = -102*w - 5144. Give r(-47).
-350
Let m(s) = 13*s**3 + 220*s**2 - 11*s - 99. What is m(-17)?
-201
Let i(r) = 10*r**2 + 4101*r + 176938. What is i(-49)?
-1
Let h(k) = 97733*k + 293215. What is h(-3)?
16
Let y(m) = 20502*m - 1578662. Calculate y(77).
-8
Let h(q) = -2*q**3 + 27*q**2 - 86*q + 112. What is h(9)?
67
Let u(i) = 2*i**3 + 379*i**2 + 445*i - 22367. Give u(-188).
5
Let s(y) = -y**3 + 286*y**2 - 13053*y + 2. Calculate s(229).
2
Let w(a) = -a**3 - a**2 - 87285*a + 436514. Determine w(5).
-61
Let o(b) = -41*b - 5709. Calculate o(-127).
-502
Let l(y) = 10*y**3 + 62*y**2 + 21*y - 6. What is l(-3)?
219
Let l(o) = o**2 - 2159*o - 117269. Calculate l(-53).
-33
Let s(v) = 2*v**2 + 147*v + 1812. Give s(-54).
-294
Let u(g) = -20806*g + 63286. Determine u(3).
868
Let k(x) = -27736*x + 416045. Calculate k(15).
5
Let f(b) = -20*b**3 - 463*b**2 - 19*b + 1256. Give f(-23).
106
Let t(o) = 35*o - 22. What is t(50)?
1728
Let a(q) = -7*q + 1299. Calculate a(51).
942
Let i(v) = 4*v**2 + 143*v + 87. What is i(-42)?
1137
Let c(t) = 353*t**2 + 10586*t - 68. What is c(-30)?
52
Let v(f) = -f**3 - 29*f**2 + 22*f + 320. Calculate v(-31).
1560
Let a(y) = y**3 - 9*y**2 + 12760*y - 153528. Determine a(12).
24
Let p(j) = -5161*j - 309808. Give p(-60).
-148
Let h(n) = -4*n**3 + 34*n**2 + 103*n - 746. What is h(8)?
206
Let h(c) = 14*c**2 - 117*c + 219. Give h(3).
-6
Let l(c) = -4*c**2 - 145709*c + 145709. What is l(1)?
-4
Let f(v) = -v**2 - 673*v - 9235. What is f(-659)?
-9
Let b(r) = 112*r - 1402. What is b(12)?
-58
Let y(d) = -14*d**2 - 2314*d + 6312. Calculate y(-168).
-72
Let z(x) = x**2 + 2566*x + 1611156. Calculate z(-1096).
36
Let d(f) = f**3 + 51*f**2 + 200*f + 14173. Calculate d(-52).
1069
Let z(j) = -7*j**3 - 3*j**2 - 831*j + 2540. What is z(3)?
-169
Let o(s) = -14*s**2 + 1676*s - 4446. Determine o(117).
0
Let z(y) = 2*y**